{"id":134,"date":"2016-12-19T18:09:19","date_gmt":"2016-12-19T17:09:19","guid":{"rendered":"http:\/\/as-surques-escoeuilles.fr\/?page_id=134"},"modified":"2016-12-28T17:51:36","modified_gmt":"2016-12-28T16:51:36","slug":"ou-sommes-nous","status":"publish","type":"page","link":"https:\/\/as-surques-escoeuilles.fr\/index.php\/ou-sommes-nous\/","title":{"rendered":"O\u00f9 sommes-nous ?"},"content":{"rendered":"<p>Situ\u00e9 au milieu du triangle Boulogne \/ Calais \/ Saint-Omer, les communes de Surques et Escoeuilles sont au coeur de la communaut\u00e9 de communes de Lumbres.<\/p>\n<p><code><strong><script>\r\nvar map_data = {\r\n    locations: [{\"latitude\":50.7670281,\"longitude\":1.9565006,\"featured\":true,\"icon\":\"http:\\\/\\\/as-surques-escoeuilles.fr\\\/wp-content\\\/plugins\\\/map-me\\\/assets\\\/icons\\\/standard\\\/icon4.png\",\"animation\":\"BOUNCE\",\"info_window\":false,\"info_window_data\":\"<div class=\\\"mm_info_window\\\"><div><h5>Parcours Test<\\\/h5><\\\/div><\\\/div>\"},{\"latitude\":\"50.7277544\",\"longitude\":\"1.9252346\",\"featured\":true,\"icon\":\"http:\\\/\\\/as-surques-escoeuilles.fr\\\/wp-content\\\/plugins\\\/map-me\\\/assets\\\/icons\\\/boules.png\",\"animation\":\"DROP\",\"info_window\":true,\"info_window_data\":\"<div class=\\\"mm_info_window\\\"><div><h5>Stade<\\\/h5><\\\/div><div>D215E3<\\\/div><div>62850<\\\/div><div>Escoeuilles<\\\/div><div>France<\\\/div><\\\/div>\"},{\"latitude\":\"50.725139\",\"longitude\":\"1.926137\",\"featured\":true,\"icon\":\"http:\\\/\\\/as-surques-escoeuilles.fr\\\/wp-content\\\/plugins\\\/map-me\\\/assets\\\/icons\\\/standard\\\/red-dot.png\",\"animation\":\"DROP\",\"info_window\":true,\"info_window_data\":\"<div class=\\\"mm_info_window\\\"><div><h5>Si\\u00e8ge<\\\/h5><\\\/div><div>62850<\\\/div><div>Escoeuilles<\\\/div><div>France<\\\/div><\\\/div>\"}],\r\n    options: {\"zoom\":\"13\",\"scroll\":true,\"controls\":false,\"style\":\"vitamin_c\",\"type\":\"roadmap\"},\r\n    center: {\"latitude\":\"50.725139\",\"longitude\":\"1.926137\"},\r\n    other: null,\r\n};\r\n<\/script>\r\n<div id=\"googleMap\" style=\"width:100%;height:380px;\"><\/div>\r\n\r\n<\/strong><\/code><\/p>\n<p>Vous pouvez nous contacter par email \u00e0 :<\/p>\n<p style=\"text-align: center;\"><em>secretariat@as-surques-escoeuilles.fr<\/em><\/p>\n","protected":false},"excerpt":{"rendered":"<p>Situ\u00e9 au milieu du triangle Boulogne \/ Calais \/ Saint-Omer, les communes de Surques et Escoeuilles sont au coeur de<\/p>\n","protected":false},"author":1,"featured_media":0,"parent":0,"menu_order":0,"comment_status":"closed","ping_status":"closed","template":"","meta":{"ngg_post_thumbnail":0,"jetpack_post_was_ever_published":false},"jetpack_sharing_enabled":true,"jetpack_shortlink":"https:\/\/wp.me\/P8dhOI-2a","jetpack-related-posts":[{"id":664,"url":"https:\/\/as-surques-escoeuilles.fr\/index.php\/categories\/seniors-2\/entrainements\/","url_meta":{"origin":134,"position":0},"title":"Entra\u00eenements","date":"19 octobre 2017","format":false,"excerpt":"\u00a0Au printemps jusque l'automne, les entra\u00eenements du groupe s\u00e9niors ont lieu les mercredi et vendredi de 19h00 \u00e0 20h45 au stade communal. Le planning est donn\u00e9 ci-dessous : \u00a0 En p\u00e9riode hivernale, deux sortes de cr\u00e9neaux seront allou\u00e9s : le mercredi soir \u00e0 la salle intercommunale de Licques de 19h00\u2026","rel":"","context":"Article similaire","img":{"alt_text":"","src":"","width":0,"height":0},"classes":[]},{"id":2878,"url":"https:\/\/as-surques-escoeuilles.fr\/index.php\/actions-du-club\/trocfoot\/","url_meta":{"origin":134,"position":1},"title":"Troc&rsquo;Foot","date":"14 septembre 2019","format":false,"excerpt":"Depuis plusieurs ann\u00e9es, le club permet \u00e0 ses licenci\u00e9(e)s d'\u00e9changer ou de revendre les articles non utilis\u00e9s et encore en bon \u00e9tat. Faite au coeur du stade, tout le monde n'est pas au courant de cette initiative, et vous pouvez ainsi retrouver ici l'ensemble des articles disponibles avec photo et\u2026","rel":"","context":"Article similaire","img":{"alt_text":"","src":"https:\/\/i0.wp.com\/as-surques-escoeuilles.fr\/wp-content\/uploads\/2019\/09\/IMG_0187-e1568641293219.jpg?resize=350%2C200&ssl=1","width":350,"height":200},"classes":[]},{"id":2827,"url":"https:\/\/as-surques-escoeuilles.fr\/index.php\/arbitres\/","url_meta":{"origin":134,"position":2},"title":"Arbitres","date":"27 ao\u00fbt 2019","format":false,"excerpt":"Depuis de nombreuses ann\u00e9es et pour r\u00e9pondre aux obligations de la f\u00e9d\u00e9ration, le club a choisi de mettre en place une politique de formation d'arbitres locaux. C'est ainsi que Pascal H\u00e9non, Maxime Desombre ou tr\u00e8s r\u00e9cemment Gauthier Saison et Florian Schuppe sont devenus arbitres au sein de notre club. Nous\u2026","rel":"","context":"Article similaire","img":{"alt_text":"","src":"","width":0,"height":0},"classes":[]},{"id":1520,"url":"https:\/\/as-surques-escoeuilles.fr\/index.php\/1520-2\/","url_meta":{"origin":134,"position":3},"title":"S\u00e9niors f\u00e9minines","date":"2 juillet 2018","format":false,"excerpt":"En 2020\/2021, l'\u00e9quipe s\u00e9niors F\u00e9minines (\u00e0 partir de 17 ans) \u00e9volue en championnat \u00e0 8. Elle \u00e9volue \u00e9galement l'hiver dans un championnat Futsal avec deux \u00e9quipes engag\u00e9es ! N'h\u00e9sitez pas \u00e0 venir nous rejoindre pour partager les joies du football. Encadrement de la section par Virginie RAMET (07-77-30-10-51).\u00a0 Les entra\u00eenements\u2026","rel":"","context":"Article similaire","img":{"alt_text":"","src":"https:\/\/i0.wp.com\/as-surques-escoeuilles.fr\/wp-content\/uploads\/2018\/10\/44232017_1908285092553982_3386028379374354432_n.jpg?resize=350%2C200&ssl=1","width":350,"height":200},"classes":[]},{"id":33,"url":"https:\/\/as-surques-escoeuilles.fr\/index.php\/seniors\/","url_meta":{"origin":134,"position":4},"title":"Contact","date":"17 d\u00e9cembre 2016","format":false,"excerpt":"Une remarque, une question ? N'h\u00e9sitez pas \u00e0 nous contacter, une r\u00e9ponse vous sera apport\u00e9e dans les plus brefs d\u00e9lais ! \u00a0 \u00a0","rel":"","context":"Article similaire","img":{"alt_text":"","src":"","width":0,"height":0},"classes":[]},{"id":67,"url":"https:\/\/as-surques-escoeuilles.fr\/index.php\/vie-du-club\/","url_meta":{"origin":134,"position":5},"title":"Vie du Club","date":"17 d\u00e9cembre 2016","format":false,"excerpt":"L' ASSE est pr\u00e9sid\u00e9e depuis juin 2016 par Philippe HAVART. Les vices-pr\u00e9sidents sont Jean-Philippe LEFEBVRE et Olivier DESOMBRE. Avec l'aide d'une trentaine de b\u00e9n\u00e9voles, l'association permet \u00e0 ses 250 licenci\u00e9s de s'\u00e9panouir sur les terrains chaque semaine. Vous souhaitez nous contacter pour plus de renseignements ? N'h\u00e9sitez pas !","rel":"","context":"Dans &quot;Non class\u00e9&quot;","img":{"alt_text":"","src":"","width":0,"height":0},"classes":[]}],"_links":{"self":[{"href":"https:\/\/as-surques-escoeuilles.fr\/index.php\/wp-json\/wp\/v2\/pages\/134"}],"collection":[{"href":"https:\/\/as-surques-escoeuilles.fr\/index.php\/wp-json\/wp\/v2\/pages"}],"about":[{"href":"https:\/\/as-surques-escoeuilles.fr\/index.php\/wp-json\/wp\/v2\/types\/page"}],"author":[{"embeddable":true,"href":"https:\/\/as-surques-escoeuilles.fr\/index.php\/wp-json\/wp\/v2\/users\/1"}],"replies":[{"embeddable":true,"href":"https:\/\/as-surques-escoeuilles.fr\/index.php\/wp-json\/wp\/v2\/comments?post=134"}],"version-history":[{"count":0,"href":"https:\/\/as-surques-escoeuilles.fr\/index.php\/wp-json\/wp\/v2\/pages\/134\/revisions"}],"wp:attachment":[{"href":"https:\/\/as-surques-escoeuilles.fr\/index.php\/wp-json\/wp\/v2\/media?parent=134"}],"curies":[{"name":"wp","href":"https:\/\/api.w.org\/{rel}","templated":true}]}}