{"id":2744,"date":"2019-07-04T09:45:27","date_gmt":"2019-07-04T07:45:27","guid":{"rendered":"http:\/\/as-surques-escoeuilles.fr\/?page_id=2744"},"modified":"2020-07-06T21:49:17","modified_gmt":"2020-07-06T19:49:17","slug":"proces-verbaux","status":"publish","type":"page","link":"https:\/\/as-surques-escoeuilles.fr\/index.php\/proces-verbaux\/","title":{"rendered":"Proc\u00e8s-Verbaux"},"content":{"rendered":"\n<p>Vous trouverez sur cette page les diff\u00e9rents proc\u00e8s-verbaux relatifs \u00e0 l&rsquo;administration de l&rsquo;association :<\/p>\n\n\n\n<p>Assembl\u00e9e g\u00e9n\u00e9rale 2020 : <\/p>\n\n\n<a href=\"https:\/\/as-surques-escoeuilles.fr\/wp-content\/uploads\/2020\/07\/PV_AG_2020.pdf\" class=\"pdfemb-viewer\" style=\"\" data-width=\"max\" data-height=\"max\"  data-toolbar=\"bottom\" data-toolbar-fixed=\"off\">PV_AG_2020<br\/><\/a>\n<p class=\"wp-block-pdfemb-pdf-embedder-viewer\"><\/p>\n\n\n\n<p>Assembl\u00e9e g\u00e9n\u00e9rale 2019 :<\/p>\n\n\n<a href=\"https:\/\/as-surques-escoeuilles.fr\/wp-content\/uploads\/2019\/07\/PV_AG_2019.pdf\" class=\"pdfemb-viewer\" style=\"\" data-width=\"max\" data-height=\"max\"  data-toolbar=\"bottom\" data-toolbar-fixed=\"off\">PV_AG_2019<br\/><\/a>\n<p class=\"wp-block-pdfemb-pdf-embedder-viewer\"><\/p>\n\n\n\n<p>Assembl\u00e9e g\u00e9n\u00e9rale 2018 : <\/p>\n\n\n<a href=\"https:\/\/as-surques-escoeuilles.fr\/wp-content\/uploads\/2019\/07\/PV_AG_2018.pdf\" class=\"pdfemb-viewer\" style=\"\" data-width=\"max\" data-height=\"max\"  data-toolbar=\"bottom\" data-toolbar-fixed=\"off\">PV_AG_2018<br\/><\/a>\n<p class=\"wp-block-pdfemb-pdf-embedder-viewer\"><\/p>\n","protected":false},"excerpt":{"rendered":"<p>Vous trouverez sur cette page les diff\u00e9rents proc\u00e8s-verbaux relatifs \u00e0 l&rsquo;administration de l&rsquo;association : Assembl\u00e9e g\u00e9n\u00e9rale 2020 : Assembl\u00e9e g\u00e9n\u00e9rale<\/p>\n","protected":false},"author":1,"featured_media":0,"parent":0,"menu_order":0,"comment_status":"closed","ping_status":"closed","template":"","meta":{"ngg_post_thumbnail":0,"jetpack_post_was_ever_published":false},"jetpack_sharing_enabled":true,"jetpack_shortlink":"https:\/\/wp.me\/P8dhOI-Ig","jetpack-related-posts":[{"id":1555,"url":"https:\/\/as-surques-escoeuilles.fr\/index.php\/reglement-interieur\/","url_meta":{"origin":2744,"position":0},"title":"R\u00e8glement int\u00e9rieur","date":"5 juillet 2018","format":false,"excerpt":"Lors de son assembl\u00e9e g\u00e9n\u00e9rale du 29 juin 2018, les membres ont vot\u00e9 pour l'instauration d'un r\u00e8glement int\u00e9rieur propos\u00e9 par le conseil d'administration. Vous le trouverez ci-dessous. Il \u00e9voque notamment le cas des mutations de joueurs et des sanctions disciplinaires dont le joueur aura la charge \u00e0 partir du 1er\u2026","rel":"","context":"Article similaire","img":{"alt_text":"","src":"","width":0,"height":0},"classes":[]}],"_links":{"self":[{"href":"https:\/\/as-surques-escoeuilles.fr\/index.php\/wp-json\/wp\/v2\/pages\/2744"}],"collection":[{"href":"https:\/\/as-surques-escoeuilles.fr\/index.php\/wp-json\/wp\/v2\/pages"}],"about":[{"href":"https:\/\/as-surques-escoeuilles.fr\/index.php\/wp-json\/wp\/v2\/types\/page"}],"author":[{"embeddable":true,"href":"https:\/\/as-surques-escoeuilles.fr\/index.php\/wp-json\/wp\/v2\/users\/1"}],"replies":[{"embeddable":true,"href":"https:\/\/as-surques-escoeuilles.fr\/index.php\/wp-json\/wp\/v2\/comments?post=2744"}],"version-history":[{"count":1,"href":"https:\/\/as-surques-escoeuilles.fr\/index.php\/wp-json\/wp\/v2\/pages\/2744\/revisions"}],"predecessor-version":[{"id":4487,"href":"https:\/\/as-surques-escoeuilles.fr\/index.php\/wp-json\/wp\/v2\/pages\/2744\/revisions\/4487"}],"wp:attachment":[{"href":"https:\/\/as-surques-escoeuilles.fr\/index.php\/wp-json\/wp\/v2\/media?parent=2744"}],"curies":[{"name":"wp","href":"https:\/\/api.w.org\/{rel}","templated":true}]}}