{"id":445,"date":"2017-06-13T08:51:32","date_gmt":"2017-06-13T06:51:32","guid":{"rendered":"http:\/\/as-surques-escoeuilles.fr\/?page_id=445"},"modified":"2021-06-04T17:59:46","modified_gmt":"2021-06-04T15:59:46","slug":"demander-une-licence","status":"publish","type":"page","link":"https:\/\/as-surques-escoeuilles.fr\/index.php\/vie-du-club\/demander-une-licence\/","title":{"rendered":"Demander une licence"},"content":{"rendered":"<p>La demande de licence est d\u00e9mat\u00e9rialis\u00e9e pour les renouvellements, c&rsquo;est-\u00e0-dire que c&rsquo;est le <span style=\"text-decoration: underline;\"><strong>licenci\u00e9 lui-m\u00eame<\/strong><\/span> qui valide sa demande de licence en ligne. Le mail de renouvellement a \u00e9t\u00e9 envoy\u00e9 le 2 juin 2021<\/p>\n<p><em><span style=\"text-decoration: underline;\"><strong>Attention :<\/strong><\/span> la proc\u00e9dure habituelle par papier est conserv\u00e9e pour les changements de club et les nouveaux joueurs. Vous pouvez t\u00e9l\u00e9charger la demande de licence vierge <a href=\"https:\/\/as-surques-escoeuilles.fr\/wp-content\/uploads\/2021\/06\/DL_joueur.pdf\" target=\"_blank\" rel=\"noopener noreferrer\">Licence_2021_2022<\/a><\/em><\/p>\n<p>&nbsp;<\/p>\n<p>La vid\u00e9o ci-dessous est encore valide cette saison en cas de difficult\u00e9s ou d&rsquo;explications suppl\u00e9mentaires sur le renouvellement par mail.<\/p>\n<div style=\"width: 800px;\" class=\"wp-video\"><!--[if lt IE 9]><script>document.createElement('video');<\/script><![endif]-->\n<video class=\"wp-video-shortcode\" id=\"video-445-1\" width=\"800\" height=\"427\" preload=\"metadata\" controls=\"controls\"><source type=\"video\/mp4\" src=\"http:\/\/as-surques-escoeuilles.fr\/wp-content\/uploads\/2018\/06\/Demat_2019.mp4?_=1\" \/><a href=\"http:\/\/as-surques-escoeuilles.fr\/wp-content\/uploads\/2018\/06\/Demat_2019.mp4\">http:\/\/as-surques-escoeuilles.fr\/wp-content\/uploads\/2018\/06\/Demat_2019.mp4<\/a><\/video><\/div>\n<p>&nbsp;<\/p>\n<p><span style=\"text-decoration: underline;\"><strong>Etape 1<\/strong> <\/span>: le licenci\u00e9 re\u00e7oit un mail d&rsquo;activation de la part du club. Il pr\u00e9pare les pi\u00e8ces demand\u00e9es et les num\u00e9rise. Pour les nouveaux joueurs (sans mutation), imprimer le certificat m\u00e9dical et num\u00e9riser les pi\u00e8ces demand\u00e9es (photo, pi\u00e8ce d&rsquo;identit\u00e9)<\/p>\n<p><img data-attachment-id=\"474\" data-permalink=\"https:\/\/as-surques-escoeuilles.fr\/index.php\/vie-du-club\/demander-une-licence\/licence1\/\" data-orig-file=\"https:\/\/i0.wp.com\/as-surques-escoeuilles.fr\/wp-content\/uploads\/2017\/06\/licence1.jpg?fit=311%2C626&amp;ssl=1\" data-orig-size=\"311,626\" data-comments-opened=\"1\" data-image-meta=\"{&quot;aperture&quot;:&quot;0&quot;,&quot;credit&quot;:&quot;Beno\\u00eet Fortin&quot;,&quot;camera&quot;:&quot;&quot;,&quot;caption&quot;:&quot;&quot;,&quot;created_timestamp&quot;:&quot;1498552961&quot;,&quot;copyright&quot;:&quot;&quot;,&quot;focal_length&quot;:&quot;0&quot;,&quot;iso&quot;:&quot;0&quot;,&quot;shutter_speed&quot;:&quot;0&quot;,&quot;title&quot;:&quot;&quot;,&quot;orientation&quot;:&quot;0&quot;}\" data-image-title=\"licence1\" data-image-description=\"\" data-image-caption=\"\" data-medium-file=\"https:\/\/i0.wp.com\/as-surques-escoeuilles.fr\/wp-content\/uploads\/2017\/06\/licence1.jpg?fit=149%2C300&amp;ssl=1\" data-large-file=\"https:\/\/i0.wp.com\/as-surques-escoeuilles.fr\/wp-content\/uploads\/2017\/06\/licence1.jpg?fit=311%2C626&amp;ssl=1\" fetchpriority=\"high\" class=\"aligncenter size-full wp-image-474\" src=\"https:\/\/i0.wp.com\/as-surques-escoeuilles.fr\/wp-content\/uploads\/2017\/06\/licence1.jpg?resize=311%2C626\" alt=\"\" width=\"311\" height=\"626\" srcset=\"https:\/\/i0.wp.com\/as-surques-escoeuilles.fr\/wp-content\/uploads\/2017\/06\/licence1.jpg?w=311&amp;ssl=1 311w, https:\/\/i0.wp.com\/as-surques-escoeuilles.fr\/wp-content\/uploads\/2017\/06\/licence1.jpg?resize=149%2C300&amp;ssl=1 149w\" sizes=\"(max-width: 311px) 100vw, 311px\" data-recalc-dims=\"1\" \/><\/p>\n<p><em>Questionnaire m\u00e9dical :<\/em> Il n&rsquo;est pas n\u00e9cessaire d&rsquo;imprimer le questionnaire m\u00e9dical, il faut juste v\u00e9rifier qu&rsquo;aucune des questions n&rsquo;a pour r\u00e9ponse oui dans votre cas. Si une des r\u00e9ponses est \u00ab\u00a0oui\u00a0\u00bb, t\u00e9l\u00e9charger et imprimer le mod\u00e8le de certificat m\u00e9dical et aller chez le m\u00e9decin.<\/p>\n<p>Remarque : le licenci\u00e9 doit r\u00e9pondre avec honn\u00eatet\u00e9. Le club ne pourra \u00eatre tenu responsable d&rsquo;un probl\u00e8me de sant\u00e9 dissimul\u00e9. En cas de doute, toujours consulter un m\u00e9decin.<\/p>\n<p><img data-attachment-id=\"475\" data-permalink=\"https:\/\/as-surques-escoeuilles.fr\/index.php\/vie-du-club\/demander-une-licence\/licence2\/\" data-orig-file=\"https:\/\/i0.wp.com\/as-surques-escoeuilles.fr\/wp-content\/uploads\/2017\/06\/licence2.jpg?fit=445%2C566&amp;ssl=1\" data-orig-size=\"445,566\" data-comments-opened=\"1\" data-image-meta=\"{&quot;aperture&quot;:&quot;0&quot;,&quot;credit&quot;:&quot;Beno\\u00eet Fortin&quot;,&quot;camera&quot;:&quot;&quot;,&quot;caption&quot;:&quot;&quot;,&quot;created_timestamp&quot;:&quot;1498553318&quot;,&quot;copyright&quot;:&quot;&quot;,&quot;focal_length&quot;:&quot;0&quot;,&quot;iso&quot;:&quot;0&quot;,&quot;shutter_speed&quot;:&quot;0&quot;,&quot;title&quot;:&quot;&quot;,&quot;orientation&quot;:&quot;0&quot;}\" data-image-title=\"licence2\" data-image-description=\"\" data-image-caption=\"\" data-medium-file=\"https:\/\/i0.wp.com\/as-surques-escoeuilles.fr\/wp-content\/uploads\/2017\/06\/licence2.jpg?fit=236%2C300&amp;ssl=1\" data-large-file=\"https:\/\/i0.wp.com\/as-surques-escoeuilles.fr\/wp-content\/uploads\/2017\/06\/licence2.jpg?fit=445%2C566&amp;ssl=1\" class=\"aligncenter size-full wp-image-475\" src=\"https:\/\/i0.wp.com\/as-surques-escoeuilles.fr\/wp-content\/uploads\/2017\/06\/licence2.jpg?resize=445%2C566\" alt=\"\" width=\"445\" height=\"566\" srcset=\"https:\/\/i0.wp.com\/as-surques-escoeuilles.fr\/wp-content\/uploads\/2017\/06\/licence2.jpg?w=445&amp;ssl=1 445w, https:\/\/i0.wp.com\/as-surques-escoeuilles.fr\/wp-content\/uploads\/2017\/06\/licence2.jpg?resize=236%2C300&amp;ssl=1 236w\" sizes=\"(max-width: 445px) 100vw, 445px\" data-recalc-dims=\"1\" \/><\/p>\n<p><span style=\"text-decoration: underline;\"><strong>Etape 2 :&nbsp;&nbsp;<\/strong><\/span>compl\u00e9ter le formulaire en ligne et envoyer les pi\u00e8ces num\u00e9ris\u00e9es dans les champs pr\u00e9vus \u00e0 cet effet, puis valider.<\/p>\n<p>&nbsp;<\/p>\n<p><span style=\"text-decoration: underline;\"><em>Assurance :<\/em><\/span>&nbsp; prendre la pr\u00e9caution de lire le fichier PDF <span style=\"text-decoration: underline;\">en entier<\/span> avant de valider.<\/p>\n<p>Ne pas oublier de remplir la fiche d&rsquo;inscription club \u00e0 la fin du questionnaire afin de permettre une meilleure gestion des effectifs par le club.<\/p>\n<p><span style=\"text-decoration: underline;\"><strong>Etape 3: <\/strong><\/span>le secr\u00e9tariat du club contr\u00f4le ensuite la demande de licence. Si tout est en r\u00e8gle et que la cotisation est pay\u00e9e, le secr\u00e9tariat envoie la demande de licence \u00e0 la ligue pour officialisation.<\/p>\n<p><em><span style=\"color: #ff0000;\">Attention : la demande de licence effectu\u00e9e en ligne ne signifie pas une licence imm\u00e9diatement valid\u00e9e. Le licenci\u00e9 doit apporter le paiement au club avant que le club ne valide la demande de licence.<\/span> Pour les tarifs, consulter la page correspondante <a href=\"http:\/\/as-surques-escoeuilles.fr\/index.php\/vie-du-club\/tarifs-licence\/\">ICI.<\/a>&nbsp; Il est possible d&rsquo;envoyer le paiement par voie postale \u00e0 :<br \/>\nBeno\u00eet Fortin<br \/>\n546 route de Licques<br \/>\n62850 Rebergues<br \/>\n<\/em><\/p>\n<p><span style=\"text-decoration: underline;\"><strong>Assistance<\/strong> <\/span>: en cas de probl\u00e8mes techniques, vous pouvez contacter l&rsquo;assistance par mail \u00e0 <a href=\"mailto:secretariat@as-surques-escoeuilles.fr\">Beno\u00eet Fortin<\/a><\/p>\n<p>&nbsp;<\/p>\n<p>&nbsp;<\/p>\n<p>&nbsp;<\/p>\n","protected":false},"excerpt":{"rendered":"<p>La demande de licence est d\u00e9mat\u00e9rialis\u00e9e pour les renouvellements, c&rsquo;est-\u00e0-dire que c&rsquo;est le licenci\u00e9 lui-m\u00eame qui valide sa demande de<\/p>\n","protected":false},"author":1,"featured_media":0,"parent":67,"menu_order":0,"comment_status":"closed","ping_status":"closed","template":"","meta":{"ngg_post_thumbnail":0,"jetpack_post_was_ever_published":false},"jetpack_sharing_enabled":true,"jetpack_shortlink":"https:\/\/wp.me\/P8dhOI-7b","jetpack-related-posts":[{"id":1520,"url":"https:\/\/as-surques-escoeuilles.fr\/index.php\/1520-2\/","url_meta":{"origin":445,"position":0},"title":"S\u00e9niors f\u00e9minines","date":"2 juillet 2018","format":false,"excerpt":"En 2020\/2021, l'\u00e9quipe s\u00e9niors F\u00e9minines (\u00e0 partir de 17 ans) \u00e9volue en championnat \u00e0 8. Elle \u00e9volue \u00e9galement l'hiver dans un championnat Futsal avec deux \u00e9quipes engag\u00e9es ! N'h\u00e9sitez pas \u00e0 venir nous rejoindre pour partager les joies du football. Encadrement de la section par Virginie RAMET (07-77-30-10-51).\u00a0 Les entra\u00eenements\u2026","rel":"","context":"Article similaire","img":{"alt_text":"","src":"https:\/\/i0.wp.com\/as-surques-escoeuilles.fr\/wp-content\/uploads\/2018\/10\/44232017_1908285092553982_3386028379374354432_n.jpg?resize=350%2C200&ssl=1","width":350,"height":200},"classes":[]},{"id":446,"url":"https:\/\/as-surques-escoeuilles.fr\/index.php\/vie-du-club\/tarifs-licence\/","url_meta":{"origin":445,"position":1},"title":"Tarifs licence","date":"13 juin 2017","format":false,"excerpt":"Voici les tarifs de licence 2021\/2022: Cat\u00e9goriesPrixMini-foot (fin 2019) -U5 (2018) \u00e0 U13 (2009)30\u20ac*Foot \u00e0 11 et \/ou avec frais d'arbitrage :U14 (2009) \u00e0 U17 (2006)50\u20ac*U18 et S\u00e9niors H et F (2005 et avant)65\u20ac *Une r\u00e9duction de 5\u20ac est appliqu\u00e9e en cas de multiples licences pour les enfants issus d'une\u2026","rel":"","context":"Dans &quot;Non class\u00e9&quot;","img":{"alt_text":"","src":"https:\/\/i0.wp.com\/as-surques-escoeuilles.fr\/wp-content\/uploads\/2019\/05\/Capture.jpg?resize=350%2C200&ssl=1","width":350,"height":200},"classes":[]},{"id":2878,"url":"https:\/\/as-surques-escoeuilles.fr\/index.php\/actions-du-club\/trocfoot\/","url_meta":{"origin":445,"position":2},"title":"Troc&rsquo;Foot","date":"14 septembre 2019","format":false,"excerpt":"Depuis plusieurs ann\u00e9es, le club permet \u00e0 ses licenci\u00e9(e)s d'\u00e9changer ou de revendre les articles non utilis\u00e9s et encore en bon \u00e9tat. Faite au coeur du stade, tout le monde n'est pas au courant de cette initiative, et vous pouvez ainsi retrouver ici l'ensemble des articles disponibles avec photo et\u2026","rel":"","context":"Article similaire","img":{"alt_text":"","src":"https:\/\/i0.wp.com\/as-surques-escoeuilles.fr\/wp-content\/uploads\/2019\/09\/IMG_0187-e1568641293219.jpg?resize=350%2C200&ssl=1","width":350,"height":200},"classes":[]},{"id":132,"url":"https:\/\/as-surques-escoeuilles.fr\/index.php\/vie-du-club\/organigramme\/","url_meta":{"origin":445,"position":3},"title":"Organigramme","date":"19 d\u00e9cembre 2016","format":false,"excerpt":"L' ASSE est pr\u00e9sid\u00e9e depuis juin 2016 par Philippe HAVART. Les vices-pr\u00e9sidents sont Jean-Philippe LEFEBVRE et Olivier DESOMBRE.Avec l'aide d'une trentaine de b\u00e9n\u00e9voles, l'association permet \u00e0 ses 250 licenci\u00e9s de s'\u00e9panouir sur les terrains chaque semaine. Le club fonctionne de mani\u00e8re coll\u00e9giale par une r\u00e9partition des t\u00e2ches en plusieurs commissions\u2026","rel":"","context":"Article similaire","img":{"alt_text":"","src":"","width":0,"height":0},"classes":[]},{"id":1315,"url":"https:\/\/as-surques-escoeuilles.fr\/index.php\/vie-du-club\/imposition-benevoles\/","url_meta":{"origin":445,"position":4},"title":"Imposition b\u00e9n\u00e9voles","date":"8 mai 2018","format":false,"excerpt":"Les d\u00e9clarations pour les imp\u00f4ts sur le revenu sont \u00e0 effectuer entre le 12 Mai et le 14 Juin, vous trouverez ci-dessous les documents relatifs \u00e0 un abandon de droit \u00e0 remboursement des frais kilom\u00e9triques... Plusieurs choses \u00e0 savoir :- cela concerne uniquement les \u00e9ducateurs et\u00a0 les dirigeants (un joueur\u2026","rel":"","context":"Article similaire","img":{"alt_text":"","src":"","width":0,"height":0},"classes":[]},{"id":40,"url":"https:\/\/as-surques-escoeuilles.fr\/index.php\/categories\/seniors-2\/","url_meta":{"origin":445,"position":5},"title":"S\u00e9niors","date":"17 d\u00e9cembre 2016","format":false,"excerpt":"Trois \u00e9quipes s\u00e9niors sont engag\u00e9es en 2022\/2023: une \u00e9quipe en D2 , dirig\u00e9e par Pierre Telliez une \u00e9quipe en D5 une \u00e9quipe en D7, dirig\u00e9e par Dany et Joan Merlin La structure d'encadrement se compose \u00e9galement de : Ren\u00e9 DELRUE, pr\u00e9parateur physique Olivier DESOMBRE, entra\u00eeneur adjoint sp\u00e9cifique attaquants Antonin BEAUVIR\u2026","rel":"","context":"Article similaire","img":{"alt_text":"","src":"","width":0,"height":0},"classes":[]}],"_links":{"self":[{"href":"https:\/\/as-surques-escoeuilles.fr\/index.php\/wp-json\/wp\/v2\/pages\/445"}],"collection":[{"href":"https:\/\/as-surques-escoeuilles.fr\/index.php\/wp-json\/wp\/v2\/pages"}],"about":[{"href":"https:\/\/as-surques-escoeuilles.fr\/index.php\/wp-json\/wp\/v2\/types\/page"}],"author":[{"embeddable":true,"href":"https:\/\/as-surques-escoeuilles.fr\/index.php\/wp-json\/wp\/v2\/users\/1"}],"replies":[{"embeddable":true,"href":"https:\/\/as-surques-escoeuilles.fr\/index.php\/wp-json\/wp\/v2\/comments?post=445"}],"version-history":[{"count":3,"href":"https:\/\/as-surques-escoeuilles.fr\/index.php\/wp-json\/wp\/v2\/pages\/445\/revisions"}],"predecessor-version":[{"id":5120,"href":"https:\/\/as-surques-escoeuilles.fr\/index.php\/wp-json\/wp\/v2\/pages\/445\/revisions\/5120"}],"up":[{"embeddable":true,"href":"https:\/\/as-surques-escoeuilles.fr\/index.php\/wp-json\/wp\/v2\/pages\/67"}],"wp:attachment":[{"href":"https:\/\/as-surques-escoeuilles.fr\/index.php\/wp-json\/wp\/v2\/media?parent=445"}],"curies":[{"name":"wp","href":"https:\/\/api.w.org\/{rel}","templated":true}]}}